ors of 42194?
2, 17, 73
List the prime factors of 29624591.
17, 19, 41, 2237
List the prime factors of 317337.
3, 139, 761
What are the prime factors of 52079?
19, 2741
List the prime factors of 6134450.
2, 5, 7, 17, 1031
What are the prime factors of 174898?
2, 157, 557
What are the prime factors of 1375878?
2, 3, 7, 17, 41, 47
What are the prime factors of 7392790?
2, 5, 17, 43487
List the prime factors of 1646802.
2, 3, 191, 479
List the prime factors of 11591906.
2, 769, 7537
List the prime factors of 440722.
2, 220361
List the prime factors of 386732.
2, 109, 887
What are the prime factors of 24940982?
2, 11, 1133681
What are the prime factors of 316551?
3, 105517
What are the prime factors of 466047?
3, 41, 421
What are the prime factors of 1730851?
1730851
List the prime factors of 192530.
2, 5, 13, 1481
List the prime factors of 22716897.
3, 7, 1081757
List the prime factors of 173636.
2, 83, 523
List the prime factors of 79000.
2, 5, 79
List the prime factors of 305507.
17, 17971
List the prime factors of 79119.
3, 59, 149
What are the prime factors of 444551?
97, 4583
List the prime factors of 4582646.
2, 353, 6491
What are the prime factors of 17690742?
2, 3, 982819
List the prime factors of 2878697.
2878697
List the prime factors of 561562.
2, 59, 4759
List the prime factors of 202882.
2, 19, 281
What are the prime factors of 3975782?
2, 1987891
List the prime factors of 251490.
2, 3, 5, 83, 101
What are the prime factors of 1581607?
1581607
What are the prime factors of 715605?
3, 5, 11, 4337
List the prime factors of 424497.
3, 141499
What are the prime factors of 184896?
2, 3, 107
List the prime factors of 107974.
2, 53987
What are the prime factors of 396839?
41, 9679
What are the prime factors of 255991?
281, 911
What are the prime factors of 2040904?
2, 19, 29, 463
List the prime factors of 147525.
3, 5, 7, 281
List the prime factors of 4544965.
5, 908993
List the prime factors of 716033.
716033
List the prime factors of 6405500.
2, 5, 23, 557
What are the prime factors of 2616517?
257, 10181
What are the prime factors of 308993?
193, 1601
List the prime factors of 1712021.
811, 2111
List the prime factors of 1090076.
2, 13, 20963
What are the prime factors of 286681?
43, 59, 113
What are the prime factors of 564414?
2, 3, 19, 4951
List the prime factors of 6546129.
3, 71, 73, 421
What are the prime factors of 3139866?
2, 3, 17, 31, 331
List the prime factors of 824498.
2, 412249
List the prime factors of 319573.
313, 1021
List the prime factors of 1260476.
2, 7, 59, 109
What are the prime factors of 16694?
2, 17, 491
What are the prime factors of 105248?
2, 11, 13, 23
List the prime factors of 657877.
11, 5437
List the prime factors of 1369108.
2, 13, 113, 233
What are the prime factors of 4967052?
2, 3, 83, 4987
What are the prime factors of 452698?
2, 151, 1499
What are the prime factors of 173716?
2, 137, 317
What are the prime factors of 343582?
2, 37, 4643
List the prime factors of 164192.
2, 7, 733
List the prime factors of 179783.
37, 43, 113
What are the prime factors of 7004076?
2, 3, 583673
List the prime factors of 1862846.
2, 43, 21661
List the prime factors of 35098984.
2, 73, 60101
What are the prime factors of 1658914?
2, 829457
What are the prime factors of 4249773?
3, 11, 41, 349
What are the prime factors of 3447866?
2, 1307, 1319
What are the prime factors of 543616?
2, 31, 137
List the prime factors of 87706.
2, 43853
List the prime factors of 331692.
2, 3, 131, 211
List the prime factors of 9887652.
2, 3, 457, 601
What are the prime factors of 156694?
2, 78347
What are the prime factors of 4004042?
2, 7, 113, 2531
List the prime factors of 4580464.
2, 7, 40897
List the prime factors of 15441.
3, 5147
List the prime factors of 2227269.
3, 11, 67493
List the prime factors of 5512589.
5512589
What are the prime factors of 247442?
2, 13, 31, 307
What are the prime factors of 194385?
3, 5, 12959
List the prime factors of 1354148.
2, 23, 41, 359
What are the prime factors of 9313572?
2, 3, 19, 40849
List the prime factors of 1729014.
2, 3, 7, 5881
List the prime factors of 16406290.
2, 5, 47, 67, 521
List the prime factors of 51167.
19, 2693
What are the prime factors of 58755?
3, 5, 3917
What are the prime factors of 25111700?
2, 5, 251117
List the prime factors of 1392318.
2, 3, 77351
What are the prime factors of 376461?
3, 73, 191
List the prime factors of 4359785.
5, 871957
What are the prime factors of 5332265?
5, 229, 4657
List the prime factors of 5241184.
2, 13, 43, 293
What are the prime factors of 227165?
5, 45433
List the prime factors of 1072115.
5, 11, 101, 193
List the prime factors of 1567.
1567
What are the prime factors of 2046778?
2, 1023389
What are the prime factors of 984404?
2, 431, 571
List the prime factors of 191773.
191773
List the prime factors of 110888.
2, 83, 167
List the prime factors of 1767618.
2, 3, 283, 347
What are the prime factors of 121330?
2, 5, 11, 1103
What are the prime factors of 3814417?
3814417
What are the prime factors of 11250019?
11, 1022729
What are the prime factors of 769510?
2, 5, 7, 10993
List the prime factors of 5624682.
2, 3, 7, 157, 853
List the prime factors of 3541779.
3, 47, 2791
List the prime factors of 106825.
5, 4273
List the prime factors of 14577257.
67, 97, 2243
List the prime factors of 66491.
66491
What are the prime factors of 2920789?
31, 94219
List the prime factors of 4520100.
2, 3, 5, 13, 19, 61
What are the prime factors of 18681?
3, 13, 479
What are the prime factors of 55957?
11, 5087
What are the prime factors of 779066?
2, 389533
List the prime factors of 309681.
3, 19, 1811
What are the prime factors of 44662467?
3, 419, 35531
What are the prime factors of 16291137?
3, 37, 146767
List the prime factors of 233058.
2, 3, 7, 31, 179
List the prime factors of 1127755.
5, 283, 797
List the prime factors of 1908396.
2, 3, 7, 7573
What are the prime factors of 767531?
59, 13009
List the prime factors of 7477807.
17, 61, 7211
List the prime factors of 4672979.
23, 203173
What are the prime factors of 557534?
2, 278767
What are the prime factors of 137497?
359, 383
List the prime factors of 4174939.
1481, 2819
What are the prime factors of 5550482?
2, 7, 73, 5431
List the prime factors of 163274.
2, 81637
List the prime factors of 15336.
2, 3, 71
List the prime factors of 802764.
2, 3, 7433
What are the prime factors of 146894?
2, 11, 607
What are the prime factors of 279118?
2, 7, 19937
List the prime factors of 1153523.
7, 164789
What are the prime factors of 13023766?
2, 7, 930269
List the prime factors of 8303731.
719, 11549
What are the prime factors of 823636?
2, 11, 18719
List the prime factors of 412128.
2, 3, 53
List the prime factors of 222465.
3, 5, 14831
What are the prime factors of 100564?
2, 31, 811
What are the prime factors of 2932417?
607, 4831
List the prime factors of 35311071.
3, 11770357
What are the prime factors of 6757679?
6757679
List the prime factors of 4672132.
2, 29, 40277
List the prime factors of 662568.
2, 3, 19, 1453
List the prime factors of 1464123.
3, 29, 16829
What are the prime factors of 109199?
109199
List the prime factors of 286770.
2, 3, 5, 11, 79
What are the prime factors of 38050?
2, 5, 761
List the prime factors of 3603161.
31, 47, 2473
What are the prime factors of 480958?
2, 240479
What are the prime factors of 383419?
383419
What are the prime factors of 12643511?
12643511
List the prime factors of 727082.
2, 363541
What are the prime factors of 29041?
113, 257
What are the prime factors of 260245?
5, 23, 31, 73
List the prime factors of 2346527.
17, 97, 1423
What are the prime factors of 2058436?
2, 227, 2267
List the prime factors of 142816.
2, 4463
List the prime factors of 4896886.
2, 2448443
List the prime factors of 7638525.
3, 5, 17, 1997
What are the prime factors of 851616?
2, 3, 2957
List the prime factors of 9703852.
2, 593, 4091
List the prime factors of 2539204.
2, 739, 859
List the prime factors of 107373.
3, 7, 5113
What are the prime factors of 1816184?
2, 131, 1733
What are the prime factors of 1351877?
43, 149, 211
List the prime factors of 308354.
2, 53, 2909
List the prime factors of 122770.
2, 5, 12277
List the prime factors of 16259924.
2, 173, 23497
What are t